 126 and m?
18
Let p(k) be the second derivative of -k**5/4 + k**4/6 + k**3/3 - k. Let i be p(-2). What is the greatest common factor of 11 and i?
11
Let a be (-3 + 4)*445 + 0. Suppose i - p - 115 = 0, -2*i + a = 2*i - p. Let z = -34 - -56. Calculate the greatest common divisor of i and z.
22
Suppose -50 = -5*p + 50. Let b = -174 - -178. Calculate the greatest common factor of b and p.
4
Let w be 235/10 + (-1)/(-2). Let u be ((-6)/(-4))/(3/8). Suppose -u*f - 3*l = f - 120, -24 = -f - 5*l. What is the greatest common divisor of w and f?
24
Let d = -51 - -85. What is the highest common factor of 34 and d?
34
Let h(l) = -11*l**3 + 0*l**3 + 8*l**3 - l**2 + 3*l. Let w = 3 - 6. Let o be h(w). Calculate the greatest common factor of 7 and o.
7
Let l = 0 - -6. Let y be l/9*(-21)/(-2). Let t(o) = 14*o. Let d be t(1). Calculate the greatest common divisor of d and y.
7
Let y = -21 + -5. Suppose -3*l = -35 + 143. Let a = y - l. What is the greatest common factor of a and 90?
10
Let x = -226 + 331. Let s = x - 42. Let h = 9 + 0. What is the greatest common factor of s and h?
9
Let f = 67 - 12. What is the highest common divisor of f and 22?
11
Let r be ((-16)/12)/4 - 67/(-3). What is the highest common divisor of r and 33?
11
Suppose n = -n + 12. Let o(w) = -w**3 - 6*w**2 + 6*w - 1. Let m be o(-7). Calculate the highest common factor of m and n.
6
Let x be (-22)/4 + (-3)/6. Let q be (-122)/(-3) - (-4)/x. Suppose -1 = s, -2*g - 3*g = -s - 41. Calculate the greatest common divisor of g and q.
8
Suppose -v - 11 = -2*i, 5*i = 5*v + 45 - 10. Calculate the highest common divisor of 16 and i.
4
Let t = 11 + -1. Let m = 75 + t. What is the highest common factor of 17 and m?
17
Let f be 558/21 - 18/(-42). What is the highest common factor of 81 and f?
27
Let s(m) = m**3 + 10*m**2 - 11*m + 3. Let n be s(-11). Suppose 0 = -n*x - 11 + 107. What is the greatest common factor of x and 128?
32
Let m = -17 + 12. Let j = m + 8. Let d be (-5)/1*j/(-5). What is the highest common factor of 9 and d?
3
Let l(u) = 8*u + 2. Let q be l(6). Suppose 3*g - q = g - 5*y, -30 = -2*g + 5*y. Calculate the highest common divisor of g and 5.
5
Suppose x = 4*x - 6. Suppose -s = -2*v - 2*v - 20, 0 = -s. Let d = v + 11. What is the greatest common divisor of x and d?
2
Suppose -4*y = -3*l + 17, -3*y = -2*l + 6*l - 6. Let x(n) = n**3 + 8*n**2 + 11*n + 4. Let h be x(-4). Calculate the highest common divisor of l and h.
3
Let a = 20 - 16. Suppose -a*z = z + 4*o - 274, -2*z - 2*o + 110 = 0. Suppose -6 = -n - 0. What is the greatest common divisor of n and z?
6
Let z be ((-6)/(-1))/(-3)*(-54)/4. Calculate the greatest common factor of z and 3.
3
Let i(v) = -10*v - 12. Let u be i(-9). Suppose 10 = -2*y + u. Let h = 51 - y. What is the highest common divisor of h and 153?
17
Let d be 3 + 99/3 + -3. What is the greatest common divisor of d and 3?
3
Let n = 14 - 20. Let u be -2 - 3 - (n + 5). Let k(o) = 8*o**2 - o. Let t be k(u). Calculate the highest common divisor of 12 and t.
12
Suppose 0 = -5*m - q + 21, 0*m = -3*m + 2*q + 10. Suppose -3*l + 1 + 29 = 0. Calculate the highest common factor of l and m.
2
Suppose 3*a = -2*m + 25 - 3, 5*m = -5*a + 45. Suppose a*t - 3 = 21. What is the greatest common factor of 4 and t?
2
Let t = -5 - -25. Let x be 3/(-15) + 402/10. What is the highest common factor of t and x?
20
Suppose -4*t + f + 8 = 0, 2*t + 4*f = 2*f + 4. Calculate the greatest common factor of 2 and t.
2
Let y(f) = 21*f**2 - 2*f - 1. Suppose 16 = -3*g - g + 3*v, 2*g - 2*v = -10. Let x be y(g). Suppose 3*j = x - 1. What is the greatest common divisor of 1 and j?
1
Let m = -62 + 110. Calculate the greatest common divisor of m and 120.
24
Let l(q) = -2*q + 2*q + q. Let t be l(-5). Let h = 4 - t. What is the greatest common factor of h and 72?
9
Let u = 3 - 27. Let d be 46/3 - (-8)/u. What is the highest common divisor of d and 165?
15
Let r = 15 + -12. Calculate the greatest common factor of 12 and r.
3
Suppose -2*i + 13 = -13. Calculate the greatest common divisor of i and 39.
13
Suppose -w - 3*w + 2364 = 0. Suppose -2*i - i = -w. Suppose -2*b + i = 3*t, 59 + 8 = t + 2*b. Calculate the highest common divisor of t and 13.
13
Let f(a) = -a**2 + 4*a + 2. Let r be f(4). Suppose -14 + 2 = -r*t. Let l be 4 - (0/(-2) - -1). Calculate the greatest common divisor of t and l.
3
Let c(k) = -6*k**2 - k + 1. Let z be c(-2). Let j = 49 + z. Calculate the highest common factor of j and 70.
14
Let m = -15 - -30. Let w = m + 37. Calculate the highest common divisor of w and 130.
26
Suppose -6 + 36 = -5*x. Let a be 37/3 + 2/x. Let h = 183 - 75. Calculate the highest common divisor of a and h.
12
Suppose y = -2 + 14. Suppose y = k + k. Calculate the greatest common factor of 2 and k.
2
Let v be (-12)/8 + 34/4. Let w = 3 + -2. What is the highest common factor of v and w?
1
Suppose v = 101 + 42. What is the highest common divisor of 13 and v?
13
Suppose 0*z = -a - 5*z - 8, 2*z + 6 = a. Suppose 739 = 5*n - 2*n + 5*h, -a*n + 5*h = -526. Let l = 429 - n. Calculate the highest common divisor of 16 and l.
16
Suppose 160 = 2*v - 6*v. Let h = -19 - v. What is the highest common factor of 7 and h?
7
Let q be ((-2)/4)/((-10)/20). Let g(k) = -5*k + k - 3 + 0*k**2 + k**2. Let a be g(5). Calculate the highest common divisor of a and q.
1
Let g(o) = -8*o - 6. Let h(i) = -7*i - 7. Let x(j) = -2*g(j) + 3*h(j). Let a be x(-7). What is the greatest common divisor of 52 and a?
26
Let q = -8 - 42. Let m = q - -23. Let z = -16 - m. What is the greatest common factor of 121 and z?
11
Let a be 11 + -1 + 0 + 0. Let n = 49 + -45. Calculate the greatest common factor of n and a.
2
Let v = 426 + -291. Calculate the highest common factor of v and 27.
27
Let w(o) = -97*o**3 - 2*o**2 - o. Let z be w(-1). Let l(d) = d**2 + 3*d + 8. Let m be l(-4). What is the highest common factor of m and z?
12
Let c = -43 - -97. Let f = c + -24. Calculate the highest common factor of f and 10.
10
Let d = -15 - -20. Suppose 7 = 3*m - d*y - 12, 5*y = m - 3. Calculate the highest common divisor of 8 and m.
8
Suppose 4*m = -10 - 2. Let a be 28*(-3)/(m + -3). Calculate the greatest common divisor of 28 and a.
14
Let o = -112 - -4. Let l be (-14)/3*o/42. Calculate the greatest common divisor of 12 and l.
12
Let c be (-2)/6 - 118/(-3). Suppose 5 = u - 8. Calculate the highest common divisor of u and c.
13
Suppose -l = -5*y + 20, 20 = 7*y - 2*y + 4*l. Calculate the greatest common factor of 36 and y.
4
Let z = -119 - -229. Let x = 158 - z. Let h be 1/2*1*24. Calculate the highest common factor of x and h.
12
Let z = 4 - -33. Let m = 92 - z. What is the highest common factor of m and 5?
5
Suppose -4*g + 6 = 2*a - g, -g = -2*a + 6. Calculate the greatest common factor of 5 and a.
1
Let i(t) = 2*t**3 - t**2 - 2*t - 5. Let y be (-1)/(2/(-2)) + 0. Let z = 3 + y. Let k be i(z). What is the greatest common divisor of k and 9?
9
Suppose 4*z = w + 3, -2*w + 3*z - 4*z + 12 = 0. What is the greatest common divisor of 20 and w?
5
Let a = -29 + -7. Let i = 16 - a. Suppose 4*o - t - i = -0*t, 3*t = -5*o + 65. Calculate the highest common divisor of 143 and o.
13
Suppose 0 = -3*r + 3, 2*h - 3*r - 26 = 11. Calculate the highest common divisor of h and 2.
2
Suppose -4*i + 29 + 11 = 0. What is the highest common divisor of 70 and i?
10
Let m = -25 + 35. Calculate the highest common divisor of m and 110.
10
Let b be 684/162 - (-2)/(-9). What is the greatest common divisor of b and 1?
1
Let g(i) = 0*i + 5*i + i - 2*i. Let h be g(1). Suppose 8*a - 64 = h*a. What is the highest common factor of a and 2?
2
Let h = 2 + 11. Let a = -99 + 177. Suppose 0*u + 2*u = a. Calculate the highest common divisor of h and u.
13
Let v(j) = 2*j + 1. Let b be v(6). Suppose -b = 3*a - 37. What is the greatest common factor of a and 8?
8
Suppose 4*t = -5*z + 72, t + 12 = 5*t. Let j(i) = -i**2 - 4*i + 5. Let n be j(-4). Suppose n*x - 4*x = z. What is the greatest common factor of x and 8?
4
Let k = -19 - -30. Let p(h) = h**2 + h + 3. Let f be p(4). Let l = f - k. What is the greatest common divisor of l and 3?
3
Let g be (-1)/2*-6*-1. Let u = 6 + g. Let x be 0 + 1 + 0 + 0. What is the greatest common divisor of u and x?
1
Let t(d) = -7*d + 9. Let g(r) = 1. Let c(a) = -6*g(a) + t(a). Let w be c(6). Let u be